 of 1565 and 15.
5
Calculate the greatest common divisor of 160 and 30.
10
Calculate the highest common factor of 10812 and 24.
12
Calculate the greatest common factor of 210 and 294.
42
Calculate the highest common factor of 15 and 330.
15
Calculate the highest common divisor of 47 and 10481.
47
What is the highest common factor of 36 and 657?
9
Calculate the greatest common factor of 254 and 2794.
254
Calculate the greatest common factor of 71 and 7.
1
What is the greatest common factor of 3 and 201?
3
What is the greatest common factor of 324 and 567?
81
Calculate the greatest common divisor of 135 and 2889.
27
Calculate the highest common factor of 52 and 442.
26
Calculate the greatest common factor of 2075 and 166.
83
What is the greatest common divisor of 23128 and 708?
236
Calculate the greatest common factor of 170 and 153.
17
What is the highest common divisor of 2349 and 87?
87
What is the highest common divisor of 81 and 1593?
27
Calculate the greatest common divisor of 384 and 24.
24
Calculate the greatest common factor of 860 and 15.
5
Calculate the greatest common divisor of 1340 and 20.
20
Calculate the highest common divisor of 567 and 1539.
81
What is the greatest common divisor of 70 and 1170?
10
What is the greatest common factor of 340 and 15?
5
Calculate the greatest common divisor of 65 and 15.
5
What is the highest common factor of 6832 and 14?
14
What is the highest common factor of 6805 and 15?
5
Calculate the greatest common factor of 72 and 342.
18
Calculate the greatest common factor of 48 and 26.
2
Calculate the highest common divisor of 1 and 32.
1
What is the greatest common factor of 10032 and 8?
8
What is the highest common factor of 7336 and 32?
8
What is the greatest common divisor of 18 and 153?
9
Calculate the highest common divisor of 260 and 39.
13
Calculate the greatest common factor of 12 and 57.
3
Calculate the greatest common factor of 18 and 846.
18
Calculate the greatest common factor of 9506 and 98.
98
What is the greatest common divisor of 5094 and 90?
18
What is the greatest common factor of 135 and 153?
9
What is the highest common factor of 273 and 7?
7
What is the highest common divisor of 24 and 2?
2
Calculate the highest common factor of 1030 and 10.
10
Calculate the greatest common factor of 1102 and 522.
58
Calculate the greatest common divisor of 12 and 8.
4
What is the highest common factor of 36 and 2313?
9
Calculate the greatest common divisor of 684 and 36.
36
Calculate the greatest common factor of 72 and 243.
9
What is the highest common factor of 38 and 57?
19
What is the highest common factor of 981 and 27?
9
What is the highest common divisor of 182 and 210?
14
What is the greatest common factor of 595 and 17?
17
Calculate the greatest common factor of 663 and 34.
17
Calculate the greatest common divisor of 2 and 5218.
2
What is the highest common factor of 11 and 539?
11
What is the greatest common divisor of 129 and 22532?
43
What is the highest common divisor of 360 and 7960?
40
Calculate the highest common divisor of 5 and 191.
1
Calculate the greatest common factor of 207 and 1679.
23
What is the highest common factor of 150 and 90?
30
Calculate the greatest common divisor of 308 and 847.
77
What is the greatest common divisor of 61 and 122?
61
What is the greatest common factor of 5558 and 28?
14
Calculate the highest common divisor of 28 and 518.
14
Calculate the highest common divisor of 7 and 581.
7
What is the greatest common factor of 333 and 72?
9
What is the highest common divisor of 7847 and 532?
133
Calculate the greatest common factor of 190 and 1558.
38
Calculate the highest common factor of 15620 and 852.
284
Calculate the highest common divisor of 683 and 1.
1
What is the greatest common factor of 170 and 1105?
85
Calculate the greatest common factor of 60 and 2532.
12
Calculate the highest common factor of 945 and 35.
35
What is the highest common factor of 32157 and 162?
81
Calculate the highest common factor of 114 and 1178.
38
Calculate the greatest common divisor of 93 and 12431.
31
What is the highest common factor of 84 and 308?
28
What is the highest common divisor of 50 and 125?
25
What is the greatest common factor of 44 and 2277?
11
What is the greatest common factor of 5 and 3240?
5
What is the greatest common factor of 6992 and 6555?
437
Calculate the highest common divisor of 183 and 24217.
61
What is the highest common factor of 30 and 2430?
30
What is the greatest common divisor of 119 and 493?
17
What is the greatest common factor of 4956 and 3?
3
What is the highest common factor of 352 and 44?
44
Calculate the greatest common divisor of 24 and 63768.
24
Calculate the highest common divisor of 75 and 105.
15
What is the greatest common factor of 39 and 39?
39
What is the highest common divisor of 1998 and 37?
37
Calculate the greatest common divisor of 585 and 90.
45
Calculate the highest common divisor of 14776 and 16.
8
Calculate the highest common divisor of 65 and 205.
5
What is the highest common divisor of 34 and 1394?
34
Calculate the greatest common factor of 927 and 824.
103
What is the greatest common factor of 14 and 350?
14
Calculate the greatest common divisor of 15 and 10515.
15
What is the highest common factor of 207 and 387?
9
What is the greatest common factor of 6 and 21?
3
Calculate the highest common factor of 20 and 8070.
10
What is the highest common factor of 266 and 238?
14
What is the greatest common divisor of 2160 and 160?
80
Calculate the greatest common divisor of 290 and 10.
10
Calculate the greatest common divisor of 260 and 364.
52
Calculate the highest common divisor of 21 and 672.
21
Calculate the greatest common divisor of 180 and 10908.
36
Calculate the greatest common divisor of 45 and 72.
9
What is the greatest common factor of 864 and 96?
96
What is the greatest common divisor of 3 and 10?
1
What is the highest common factor of 31824 and 221?
221
Calculate the highest common divisor of 664 and 24.
8
What is the greatest common factor of 764 and 20?
4
What is the greatest common factor of 85 and 5?
5
What is the highest common factor of 32 and 8?
8
Calculate the greatest common factor of 120 and 300.
60
What is the greatest common factor of 49 and 784?
49
What is the highest common factor of 11 and 341?
11
Calculate the greatest common factor of 1235 and 19.
19
Calculate the highest common divisor of 830 and 600.
10
What is the highest common divisor of 132 and 88?
44
Calculate the highest common divisor of 464 and 29.
29
Calculate the highest common factor of 134 and 4824.
134
What is the greatest common factor of 246 and 164?
82
What is the greatest common factor of 742 and 126?
14
Calculate the greatest common divisor of 494 and 52.
26
What is the greatest common divisor of 24 and 3000?
24
Calculate the greatest common factor of 5402 and 148.
74
Calculate the highest common divisor of 143 and 88.
11
What is the greatest common factor of 38 and 23066?
38
Calculate the greatest common divisor of 52 and 65.
13
Calculate the greatest common factor of 2278 and 134.
134
Calculate the greatest common divisor of 845 and 125.
5
What is the highest common divisor of 76 and 4?
4
Calculate the greatest common factor of 19 and 21869.
19
Calculate the highest common factor of 432 and 1104.
48
Calculate the highest common factor of 416 and 13.
13
Calculate the highest common factor of 221 and 68.
17
Calculate the highest common divisor of 24 and 1532.
4
What is the highest common factor of 180 and 4860?
180
What is the greatest common divisor of 156 and 564?
12
What is the greatest common factor of 2499 and 153?
51
What is the highest common factor of 6 and 99?
3
Calculate the greatest common divisor of 20 and 3100.
20
Calculate the highest common factor of 6682 and 13.
13
What is the greatest common divisor of 2905 and 7?
7
What is the greatest common factor of 16 and 33488?
16
Calculate the highest common factor of 3647 and 49.
7
What is the greatest common divisor of 75 and 2025?
75
Calculate the greatest common divisor of 52 and 64.
4
Calculate the highest common factor of 90 and 1935.
45
Calculate the greatest common divisor of 63 and 5901.
21
Calculate the greatest common factor of 287 and 451.
41
Calculat